7567. Calculate the greatest common factor of h and 10.
5
Suppose -328 = 4*g + 100. Suppose 2232*j + 12 = 2234*j, -399 = -3*r - j. Let b = r + g. Calculate the greatest common divisor of b and 84.
12
Let t be ((-33)/(-4) + 11)*4. What is the highest common divisor of t and 2079?
77
Let z be ((-72)/16)/(12/(-112)). Suppose 11 - 179 = -z*l. Calculate the highest common divisor of 268 and l.
4
Let y be 3/(-3 - -6)*4. Suppose y*u + 3 = 15, 5*g + 3*u = 1514. What is the greatest common divisor of g and 43?
43
Let u(a) = -26*a + 927. Let c be u(35). What is the greatest common factor of 34289 and c?
17
Let t(w) = -w - 4. Let h be t(-8). Suppose h*s = -2*q - 0*q + 448, -3*q + 12 = 0. Let f = 70 - 48. Calculate the greatest common divisor of s and f.
22
Let j = -8184 - -10027. Calculate the greatest common divisor of j and 19.
19
Suppose -64*j + 200*j = 830416. Calculate the greatest common divisor of 86 and j.
86
Let x(y) = -3*y + 7. Let f be x(3). Let b(q) = 68*q**2 + 7*q + 6. Let h be b(f). Calculate the greatest common divisor of 11 and h.
11
Let i = -111 + 247. Let y = 158 - i. What is the greatest common factor of y and 6?
2
Let u = 17605 - 17445. What is the greatest common divisor of 256 and u?
32
Let c = 9 + -6. Suppose -p - 2*k = -249, -6*p + 2*k = -c*p - 763. Calculate the highest common factor of p and 46.
23
Let r = -138 + 135. Let j(m) = 4*m**2 + 3*m - 8. Let l be j(r). Calculate the greatest common divisor of 304 and l.
19
Let h = 339 + -339. Suppose h = 10*l - 893 - 547. Calculate the highest common divisor of 18 and l.
18
Let s(l) = 223*l - 3. Let v be s(1). Let z = v - -16. Suppose -277 = -5*r - 0*r + h, 4*r + 4*h - z = 0. What is the greatest common factor of 14 and r?
14
Let f(s) = 6*s - 22. Let g be f(4). Suppose g*j + j + 69 = 3*d, 0 = -d - 3*j + 19. Calculate the greatest common divisor of 55 and d.
11
Let o be (-1)/2*(-1 + -15). Let x = 3046 - 3034. What is the highest common factor of x and o?
4
Let o(k) = k**3 + 12*k**2 - 7*k + 6. Let v be o(-6). Suppose -24*d = 9*d - v. Calculate the highest common factor of 16 and d.
8
Let m be 10/(((-7)/(-14))/(1 - 2)). Let n be 5/m + (-21)/(-4). Suppose 5*f = d + 54, -4*f + d + 24 = n*d. Calculate the highest common factor of f and 25.
5
Suppose -213*o = -225*o + 6072. Let i = -479 + o. Calculate the highest common divisor of 2 and i.
1
Let z = 10554 - 9762. What is the highest common factor of z and 1287?
99
Let s(o) = -2*o**3 + 17*o**2 - 7*o - 5. Let h be s(8). Suppose -h*l + 269 = 8*m - 9*m, -184 = -2*l - 4*m. What is the greatest common factor of 45 and l?
45
Let t(w) = -w**2 - 18*w - 4. Let x(o) = -o**2 - 4*o + 8. Let s be x(3). Let k be t(s). Let g = 65 - k. What is the greatest common factor of 8 and g?
4
Let g = -19054 + 19899. Calculate the highest common divisor of 55 and g.
5
Suppose -6*v + 277 = 661. Suppose 4*y - 2*y = 152. Let x = v + y. What is the highest common divisor of 96 and x?
12
Let x(l) be the third derivative of l**4/4 - 46*l**3/3 + 54*l**2. Let c be x(20). Calculate the greatest common factor of c and 308.
28
Let h(q) = q**2 - 2*q. Let d be h(-3). Suppose -6*z + 1336 = 400. Suppose 12*o = d*o - z. What is the greatest common divisor of 13 and o?
13
Suppose -3*c + 2*v = -8*c + 140, -2*c = v - 56. Let y = 532 - 882. Let d = 574 + y. Calculate the greatest common factor of c and d.
28
Suppose 4*q = 7 + 17. Let a(k) = k**2 + 18. Let x = -68 - -74. Let y be a(x). Calculate the greatest common divisor of q and y.
6
Suppose 38*v - 882 = 600. Let n be 1668/(-15) - (-1)/5. Let g = n + 176. Calculate the highest common divisor of g and v.
13
Suppose -11*c + 13858 = 427. Calculate the highest common factor of c and 231.
33
Suppose 15*o = 82*o - 413658. What is the highest common factor of 12 and o?
6
Let a be 10/(-6) + 876035/723. What is the highest common divisor of a and 22?
22
Suppose 21*x - 54300 = 4353. Calculate the greatest common factor of 95 and x.
19
Let l be ((-4)/(-3))/((-7)/(-21)). Suppose l*i - 399 = -5*f, 0 = -f + 4*f + 4*i - 233. Let q = 151 - f. Calculate the greatest common divisor of q and 17.
17
Suppose 19*z - 18*z + 82 = 2*c, 0 = c - 5*z - 50. What is the greatest common divisor of c and 13980?
20
Suppose -6778*o + 6780*o - 66 = 0. Calculate the highest common divisor of 18 and o.
3
Suppose 2*i - 9 - 5 = 0. Let f be 300/1*((-88)/(-16) - 5). Suppose -68 = -2*m - v, -7*m + 5*v = -3*m - f. What is the highest common factor of m and i?
7
Let f = -1824 - -5284. Calculate the highest common divisor of f and 60.
20
Suppose 38*n = 42*n + 4*y - 1428, 3*n - 4*y = 1008. Calculate the highest common divisor of n and 492.
12
Suppose 419 - 261 = 73*z - 937. What is the greatest common divisor of 267 and z?
3
Let z = 82 + -85. Let n be (4 + z)/(4/52). Calculate the greatest common factor of 26 and n.
13
Let x(y) = y**2 - 3. Let t be x(-3). Suppose -18*q = -20*q + t. Suppose 5*k = q*s + 11 + 55, -4*k = 2*s - 44. What is the highest common divisor of k and 8?
4
Let f(k) = 2*k**3 + 6*k**2 + 5*k - 34. Let h be f(4). Calculate the highest common factor of 756 and h.
42
Let p be (-9)/(-1) - 15/5 - -3. Suppose p*y - 7*y - 5*i = 650, -2 = -i. Let j be 1296/40 + 6/10. Calculate the highest common factor of y and j.
33
Let w be ((-30)/8)/(41/(-820)). Let h be 0/(-4) + 2 + 598. Calculate the highest common factor of w and h.
75
Let d(z) = -27*z - 3. Let j be d(-1). Let u = 94 - 98. Let v(o) = -3*o**3 + 3*o**2 + 7*o + 4. Let c be v(u). Calculate the highest common divisor of c and j.
24
Let y(h) = -13*h - 249. Let g be y(-17). Let q be 5*g/(-6)*(-72)/(-40). Calculate the greatest common divisor of q and 147.
21
Let s = 21 - 12. Let w(f) = 12*f - 96. Let n be w(s). Suppose -r - 3*r + 816 = 0. Calculate the greatest common divisor of r and n.
12
Let w(q) = 3*q + 6. Let s be w(-2). Suppose s = -5*r - 78 + 123. What is the greatest common divisor of r and 171?
9
Let q(b) = -37*b**3 + 2*b**2 + 138*b + 540. Let d be q(-4). Calculate the greatest common factor of 12 and d.
12
Suppose 5*f + 5 = 0, -5*f + 55 = -4*v + 7*v. Suppose 0 = -3*k + 3*u - 81, -u = 3*k + 77 + 4. Let m = k + 247. Calculate the highest common divisor of m and v.
20
Let o = -47 + 57. Suppose -4*y = -2*y - o. Suppose -y*d = -5*t - 490, d - 2*t = 63 + 37. Calculate the highest common factor of 12 and d.
12
Let x be (-18)/(-5) + (13 - (-1095)/(-75)). Let y = -8 + 15. What is the highest common divisor of y and x?
1
Let o(s) = 30*s - 50. Let m = 76 + -73. Let i be o(m). Calculate the greatest common divisor of i and 60.
20
Suppose 0 = -4*q - 751 + 2303. Let o = q + -232. What is the greatest common factor of 24 and o?
12
Let v(k) = 4*k - 4. Let y(d) = -4*d + 5. Suppose a + 28 = -6*a. Let f(u) = a*y(u) - 5*v(u). Let c be f(-10). What is the highest common factor of 4 and c?
4
Let x(z) = -2*z + 70. Suppose 0 = -27*v + 37*v - 250. Let o be x(v). Calculate the greatest common divisor of o and 32.
4
Suppose -g = 3*d + 3*g - 16, 4*d - 30 = -g. Suppose -d*w + 86 = -114. What is the highest common factor of w and 325?
25
Suppose 0 = -3*o + 3*l - 63, 2*o - 12*l + 11*l + 38 = 0. Let c(w) = w**3 + 18*w**2 + 5*w + 6. Let r be c(o). Calculate the highest common divisor of r and 126.
42
Let c = 83 + -27. Suppose -1 = -r, -6*r - c = -3*j - 8*r. What is the greatest common divisor of 144 and j?
18
Let c be -5*6/(-10)*31/93 - -17759. What is the highest common divisor of 32 and c?
32
Suppose 1233 + 3975 = 11*z - 32907. What is the highest common factor of z and 11?
11
Suppose 133945 = 4*m + 5*b, -6*m - 4*b = -4*m - 66980. Calculate the highest common divisor of 9 and m.
9
Let h = 3315 + -3292. What is the greatest common divisor of 7958 and h?
23
Let s(v) = -9*v. Let i be s(-2). Suppose -7*x - 47*q + 54 = -44*q, -2*x + 54 = -3*q. What is the highest common factor of x and i?
6
Let p(k) = k**2 + 117*k - 4838. Let a be p(33). What is the highest common factor of 5992 and a?
56
Suppose -r + 649 = 3*z, 14*r - 1935 = 11*r - 5*z. What is the greatest common factor of 56 and r?
8
Let n(t) = t**2 - 23*t + 34. Let b be n(30). Let r = 251 - b. Calculate the highest common divisor of r and 161.
7
Suppose -227*v = 362*v + 266*v - 15390. Let p = 131 - 32. What is the greatest common divisor of v and p?
9
Suppose 3*r + 1 = -4*c, 5*r = -0*c + 2*c 